) = -t**3 + 509*t**2 + 299*t + 107617. What is u(510)?
7
Let q(p) = 3*p**2 + 2397*p - 46633. Determine q(19).
-7
Let h(p) = p**3 - 18*p**2 - 320*p + 5729. Give h(17).
0
Let h(k) = -k**3 - 357*k**2 + 123*k + 43753. Determine h(-357).
-158
Let b(z) = 14*z - 1336. What is b(121)?
358
Let l(m) = m**3 + 4164*m**2 + 37398*m + 16. Determine l(-9).
-11
Let k(z) = -12098*z + 1064723. Give k(88).
99
Let m(h) = -h**2 - 4*h + 17165. What is m(129)?
8
Let i(t) = 50*t**3 - 453*t**2 - 94*t + 1075. Determine i(9).
-14
Let a(l) = -4*l**3 + 181*l**2 - 62*l + 324. Give a(45).
-441
Let m(r) = 33*r**2 - 352*r - 1003. Calculate m(13).
-2
Let a(r) = -1503443*r - 6013798. Give a(-4).
-26
Let c(i) = i**2 + 334*i + 7500. Determine c(-23).
347
Let c(q) = 6*q**2 - 982*q + 5838. What is c(6)?
162
Let h(y) = -14185*y**2 - 85156*y - 284. Give h(-6).
-8
Let c(l) = -l**2 + 7871*l + 55104. Give c(-7).
-42
Let p(t) = t**3 + 393*t**2 - 4027*t + 73. Calculate p(10).
103
Let v(q) = -9*q**3 + 226*q**2 - 31*q - 106. Calculate v(25).
-256
Let x(b) = b**3 - 189*b**2 + 1621*b - 25. What is x(9)?
-16
Let n(c) = -9*c**3 + 94*c**2 - 34*c + 8. Determine n(10).
68
Let k(f) = -f**3 - 32*f**2 - 344*f - 12626. Determine k(-33).
-185
Let f(c) = 806*c**2 - 47532*c - 1303. What is f(59)?
-5
Let o(i) = -20*i**3 + 15*i**2 - 338*i - 735. Determine o(-2).
161
Let v(d) = 8*d**2 - 16500*d + 82307. Determine v(5).
7
Let x(w) = w**3 - 157*w**2 - 8850*w + 964. What is x(201)?
-242
Let q(g) = g**3 - 303*g**2 + 1469*g - 81621. What is q(299)?
6
Let x(s) = 8*s**2 - 215*s + 886. What is x(5)?
11
Let v(p) = 945*p**2 + 18653*p - 4933. Give v(-20).
7
Let x(o) = -2*o**2 + 6167*o - 73711. What is x(12)?
5
Let q(u) = -84287*u - 1095734. Calculate q(-13).
-3
Let g(c) = -c**3 + 19*c**2 + 23483*c - 399807. What is g(17)?
-18
Let u(o) = 8*o**2 + 1303*o - 4174. Give u(-166).
-24
Let v(x) = -189*x**2 + 940*x + 118. What is v(5)?
93
Let t(u) = 80*u + 6882. Give t(-46).
3202
Let y(h) = -2*h**3 + 512*h**2 + 8854*h - 40805. Give y(272).
-5
Let f(n) = 14*n + 64. Calculate f(36).
568
Let h(w) = -2784*w + 83605. Determine h(30).
85
Let i(u) = -4*u**2 + 19*u + 25993. Calculate i(83).
14
Let k(q) = -q**2 - 8200*q + 404223. Calculate k(49).
22
Let u(k) = 13*k**2 + 473*k + 3053. What is u(-8)?
101
Let x(i) = i**3 - 36*i**2 + 9908*i - 345312. Calculate x(35).
243
Let d(g) = -3*g**2 - 25*g + 493. Calculate d(-17).
51
Let w(s) = s**3 - 81*s**2 + 77*s + 557. What is w(80)?
317
Let f(y) = y**3 - 9*y**2 + 59*y + 1019. Calculate f(-7).
-178
Let g(t) = -13101*t + 196550. Give g(15).
35
Let n(s) = -81*s - 10474. What is n(-129)?
-25
Let a(j) = -2*j**2 + 8*j + 332. Calculate a(31).
-1342
Let g(o) = -8233*o - 601002. Determine g(-73).
7
Let w(u) = 71*u - 92. What is w(2)?
50
Let v(w) = -w**3 + 497*w**2 - 1274*w - 102744. Calculate v(494).
8
Let k(n) = n**3 + 551*n**2 - 8101*n + 220174. What is k(-566)?
0
Let o(h) = h**3 + 112*h**2 - 29741*h - 3396127. What is o(-116)?
5
Let s(n) = -597*n + 78877. Calculate s(132).
73
Let r(k) = 2*k**3 - 8*k**2 - 505*k + 2151. Calculate r(4).
131
Let f(s) = 99873*s + 1897595. Determine f(-19).
8
Let h(u) = 23*u**2 - 166*u - 2234. Calculate h(-7).
55
Let s(a) = -158612*a + 5392812. Determine s(34).
4
Let j(n) = -n**3 - 108*n**2 + 3326*n - 118. Calculate j(25).
-93
Let t(r) = -237*r + 8889. Determine t(39).
-354
Let x(h) = 7*h**3 - 39*h**2 + 284*h - 1796. Calculate x(6).
16
Let f(r) = -r**3 + 21*r**2 - 15*r - 47. What is f(11)?
998
Let t(u) = -3756*u - 334430. Determine t(-89).
-146
Let m(p) = -8964*p + 251154. Determine m(28).
162
Let x(a) = -295*a**2 + 16215*a + 542. Give x(55).
-8
Let x(k) = k**3 + 736*k**2 + 4365*k - 10948. What is x(-730)?
2
Let f(q) = 268*q - 1467. Determine f(6).
141
Let l(u) = -u**3 + 45*u**2 - 53*u - 2183. Calculate l(43).
-764
Let l(g) = g**3 - 26*g**2 + 3*g - 4. What is l(26)?
74
Let k(u) = -u**3 + 99*u**2 - 29*u + 12786. Determine k(100).
-114
Let h(w) = -73*w**2 + 187*w + 907. Give h(-5).
-1853
Let n(a) = -28*a**2 + 71*a + 110. Determine n(10).
-1980
Let n(p) = 1337*p**2 + 6503*p - 926. Determine n(-5).
-16
Let j(t) = 2162*t + 23712. Calculate j(-10).
2092
Let s(f) = 82*f**2 + 803*f - 5555. Determine s(7).
4084
Let b(g) = -27354*g + 1094154. What is b(40)?
-6
Let s(x) = -132*x**2 - 11618*x - 179. Give s(-88).
-3
Let s(c) = -3*c**3 + 53*c**2 + 46*c + 1870. Calculate s(20).
-10
Let k(j) = -8*j**2 - 18*j + 5. Give k(-15).
-1525
Let i(q) = 231548*q + 231560. Give i(-1).
12
Let v(t) = -851*t + 4284. Determine v(5).
29
Let p(c) = -30*c**2 + 202*c - 407. Give p(2).
-123
Let m(s) = 91*s**3 - 7911*s**2 - 519*s - 269. Give m(87).
-8
Let r(a) = 8908*a + 347404. Determine r(-39).
-8
Let o(q) = -27*q**3 - 11*q**2 - 13*q - 4. Calculate o(-1).
25
Let c(y) = -2268*y - 58871. Give c(-26).
97
Let v(q) = 19*q**2 + 4526*q + 892. Determine v(-238).
-60
Let u(f) = 22*f**3 + 153*f**2 + 3*f + 9. Calculate u(-6).
747
Let j(n) = -1682602*n + 42065052. Give j(25).
2
Let z(j) = j**3 - 52*j**2 - 3551*j + 194. What is z(91)?
12
Let a(x) = -32*x**3 - x**2 - 123*x - 236. What is a(-2)?
262
Let c(a) = 598*a + 149093. Calculate c(-250).
-407
Let i(j) = -26922*j + 834592. Give i(31).
10
Let g(u) = 6*u**2 + 170*u - 514. Determine g(-31).
-18
Let f(r) = 76798*r + 614312. Calculate f(-8).
-72
Let m(t) = 17*t**3 + 19*t**2 - 62*t - 22. Determine m(6).
3962
Let g(k) = -2106665*k - 2106671. Calculate g(-1).
-6
Let t(n) = 1321*n + 7976. Give t(-4).
2692
Let v(t) = 3*t**3 + 119*t**2 - 268*t - 9113. Give v(-40).
7
Let b(f) = -4*f**2 + 259*f - 2175. Give b(60).
-1035
Let l(h) = -21*h**2 + 21*h + 12. What is l(-5)?
-618
Let r(f) = 320*f - 6707. Determine r(18).
-947
Let t(m) = -3955*m + 50185. Calculate t(12).
2725
Let o(m) = m**2 - 7261*m + 474876. Determine o(66).
6
Let n(y) = 14*y**3 - 558*y**2 + 465*y + 122. Calculate n(39).
5
Let m(g) = 12*g**2 - 270*g - 5401. Give m(-13).
137
Let b(f) = 2181*f + 2088. What is b(-1)?
-93
Let s(k) = 5793*k**2 - 440282*k + 1067. What is s(76)?
3
Let n(h) = h**3 - 10*h**2 + 38*h - 362. Give n(10).
18
Let d(i) = 4*i**3 + 429*i**2 + 942*i - 67. Determine d(-105).
248
Let g(c) = -98*c**2 + 44*c - 51. Calculate g(1).
-105
Let r(l) = l**3 + 48*l**2 + 538*l + 23090. Calculate r(-47).
13
Let m(c) = 2684*c**2 - 8085*c + 101. Give m(3).
2
Let z(c) = c**3 + 42*c**2 - 276*c + 3418. Determine z(-49).
135
Let l(j) = 36832*j + 147567. Determine l(-4).
239
Let x(n) = 99*n**2 + 8907*n - 173. What is x(-90)?
97
Let d(z) = 20*z**2 - 6994*z + 32451. Determine d(345).
21
Let d(c) = -132*c**2 + 4810*c - 33652. Determine d(7).
-6450
Let b(c) = c**3 - 94*c**2 + 890*c - 354. Determine b(83).
-2263
Let u(v) = -v**3 - 32*v**2 + 43*v + 1499. Determine u(-31).
-795
Let s(x) = 368*x**2 + 40975*x - 26989. Give s(-112).
3
Let i(a) = -2*a**3 + 76*a**2 + 1718*a - 2573. Give i(-17).
11
Let a(s) = 143*s**3 + 12*s**2 + 61*s + 48. What is a(-1)?
-144
Let s(p) = p**3 + 628*p**2 - 3882*p + 468. Give s(6).
0
Let p(w) = -w**2 + 88*w - 1638. Give p(27).
9
Let y(w) = 6*w**3 + 118*w**2 - 774*w - 6. Give y(6).
894
Let q(m) = m**3 - 151*m**2 + 5038*m + 1154. Calculate q(101).
-58
Let m(k) = 3*k**3 - 128*k**2 - 3141*k + 1253. What is m(60)?
-7
Let w(v) = v**3 - 189*v**2 - 3281*v + 351. What is w(205)?
146
Let t(h) = -120*h**2 + 1848*h + 39. Determine t(15).
759
Let f(a) = 3*a**3 - 365*a**2 + 5761*a + 437. What is f(103)?
-284
Let x(w) = 49*w - 1803. Determine x(35).
-88
Let x(k) = -k**3 + 40*k**2 + 338*k + 556. Determine x(-5).
-9
Let k(n) = -28*n**2 + 1702*n + 2098. What is k(62)?
-10
Let m(o) = -o**3 + 265*o**2 + 4890*o + 1642. Give m(-17).
10
Let r(k) = -5*k**2 + 45*k + 638968. Determine r(-353).
38
Let d(o) = -o**2 + 3220*o - 527166. Give d(173).
-35
Let c(f) = 6*f**2 - 1420*f + 19512. What is c(14)?
808
Let z(n) = 2460*n**3 + 6*n**2 + 29*n - 31. Determine z(1).
2464
Let d(i) = 16653*i + 49955. What is d(-3)?
-4
Let v(i) = 279*i**2 + 125*i + 183. What is v(-2)?
1049
Let s(q) = -170679*q - 682728. Calculate s(-4).
-12
Let w(x) = 423297*x - 2963076. Calculate w(7).
3
Let k(w) = -2*w**3 - 18*w**2 - 442*w - 3709. Calculate k(-9).
269
Let c(w) = 100*w - 6101. What is c(60)?
-101
Let m(v) = 3*v**3 - 1393*v**2 - 918*v - 5582. Calculate m(465).
-2
Let f(n) = 4*n**3 + 905*n**2 + 4638*n - 640. Give f(-221).
23
Let u(k) = 7*k**3 + 275*k**2 +